 82052359
What are the prime factors of 110405731?
53, 2083127
List the prime factors of 288381893.
288381893
List the prime factors of 33189493.
761, 43613
List the prime factors of 168428221.
13, 491, 26387
What are the prime factors of 47663145?
3, 5, 1059181
What are the prime factors of 610679560?
2, 5, 15266989
List the prime factors of 1813436057.
19, 95444003
What are the prime factors of 171491185?
5, 34298237
List the prime factors of 151609785.
3, 5, 10107319
What are the prime factors of 110865623?
11, 443, 22751
What are the prime factors of 841154042?
2, 420577021
What are the prime factors of 233319339?
3, 11, 17, 4201
What are the prime factors of 97455321?
3, 10828369
What are the prime factors of 499708928?
2, 487997
What are the prime factors of 44623465?
5, 43, 207551
What are the prime factors of 18766672?
2, 617, 1901
List the prime factors of 896466233.
13, 68958941
What are the prime factors of 1152626505?
3, 5, 1709, 44963
What are the prime factors of 781505578?
2, 7, 431, 129517
List the prime factors of 70997609.
41, 251, 6899
List the prime factors of 12268979.
12268979
List the prime factors of 36150926.
2, 7, 293, 1259
List the prime factors of 3726922915.
5, 59, 12633637
List the prime factors of 3226206101.
47, 68642683
List the prime factors of 420697299.
3, 11, 12748403
List the prime factors of 1348494860.
2, 5, 47, 193, 7433
What are the prime factors of 238246448?
2, 11, 53, 25541
List the prime factors of 3834729002.
2, 13, 147489577
What are the prime factors of 26330374?
2, 7, 1880741
List the prime factors of 33110815.
5, 17, 389539
What are the prime factors of 25898859?
3, 7, 45677
What are the prime factors of 174683697?
3, 37, 1573727
List the prime factors of 1209172643.
7, 109, 1109, 1429
What are the prime factors of 419275825?
5, 16771033
What are the prime factors of 427489258?
2, 7, 401, 76147
List the prime factors of 910153278.
2, 3, 797, 63443
List the prime factors of 8199103497.
3, 13, 19, 109, 101513
What are the prime factors of 3809379?
3, 7, 181399
List the prime factors of 571942383.
3, 79, 2413259
What are the prime factors of 42538997?
43, 989279
What are the prime factors of 251494961?
251494961
What are the prime factors of 314610119?
1637, 192187
What are the prime factors of 372836222?
2, 11, 59, 287239
List the prime factors of 3190303.
31, 102913
What are the prime factors of 112414321?
113, 994817
What are the prime factors of 1886462574?
2, 3, 314410429
List the prime factors of 3927685142.
2, 1963842571
List the prime factors of 76524755.
5, 83, 97, 1901
What are the prime factors of 14630380?
2, 5, 19, 38501
List the prime factors of 152071694.
2, 353, 215399
List the prime factors of 48381010.
2, 5, 4838101
List the prime factors of 195332243.
195332243
What are the prime factors of 3457801130?
2, 5, 7, 113, 197, 317
What are the prime factors of 1495180490?
2, 5, 19, 7869371
List the prime factors of 2182753720.
2, 5, 7, 7795549
What are the prime factors of 37950781?
11, 137, 25183
List the prime factors of 4941065902.
2, 79, 107, 292267
List the prime factors of 249641669.
249641669
List the prime factors of 2455316735.
5, 11423, 42989
What are the prime factors of 42637679?
7, 31, 349, 563
What are the prime factors of 345000668?
2, 89, 379, 2557
List the prime factors of 777485659.
2731, 284689
What are the prime factors of 4993176551?
11, 5843, 77687
List the prime factors of 277133299.
5479, 50581
What are the prime factors of 129269140?
2, 5, 7, 11, 13, 587
List the prime factors of 178942633.
31, 5772343
What are the prime factors of 241386012?
2, 3, 7, 23, 41647
What are the prime factors of 1444979664?
2, 3, 10034581
What are the prime factors of 24999139?
11, 2272649
List the prime factors of 1086974350.
2, 5, 7, 11, 53, 761
What are the prime factors of 342735585?
3, 5, 19, 43, 27967
What are the prime factors of 6430168721?
5923, 1085627
What are the prime factors of 150213837?
3, 50071279
What are the prime factors of 2089551077?
2089551077
List the prime factors of 379080900.
2, 3, 5, 11, 59
List the prime factors of 110577177.
3, 4095451
What are the prime factors of 33750422?
2, 19, 103, 8623
List the prime factors of 19838506.
2, 41, 113, 2141
List the prime factors of 2477152573.
7, 173, 2045543
What are the prime factors of 157159245?
3, 5, 10477283
List the prime factors of 326934725.
5, 13, 223, 347
What are the prime factors of 1371509115?
3, 5, 47, 1945403
What are the prime factors of 6729784819?
19, 859, 412339
List the prime factors of 3221445.
3, 5, 214763
List the prime factors of 81814138.
2, 7, 79, 73973
What are the prime factors of 9077250792?
2, 3, 29, 599, 21773
What are the prime factors of 541938630?
2, 3, 5, 37, 488233
What are the prime factors of 1028049260?
2, 5, 7, 563, 13043
List the prime factors of 370661674.
2, 163, 1136999
List the prime factors of 684738991.
41, 16700951
What are the prime factors of 121318068?
2, 3, 10109839
What are the prime factors of 11653349?
269, 43321
What are the prime factors of 98727688?
2, 12340961
What are the prime factors of 98474961?
3, 13, 389, 6491
What are the prime factors of 108697301?
108697301
List the prime factors of 56323471.
53, 1062707
What are the prime factors of 108019939?
79, 1367341
List the prime factors of 4772311749.
3, 499, 4373
What are the prime factors of 330829109?
13, 89, 285937
List the prime factors of 2683215226.
2, 19, 70610927
List the prime factors of 1896930076.
2, 2711, 174929
What are the prime factors of 1324001258?
2, 31, 21354859
What are the prime factors of 61587082?
2, 30793541
What are the prime factors of 5209111897?
11, 61, 563, 13789
List the prime factors of 32215035.
3, 5, 389, 5521
What are the prime factors of 181248521?
29, 6249949
What are the prime factors of 19582440?
2, 3, 5, 53, 3079
What are the prime factors of 27619341?
3, 9206447
List the prime factors of 91144960.
2, 5, 31, 2297
What are the prime factors of 52169003?
19, 2745737
List the prime factors of 100769678.
2, 50384839
List the prime factors of 24851081.
233, 106657
List the prime factors of 247054086.
2, 3, 23, 596749
List the prime factors of 498519990.
2, 3, 5, 31, 178681
List the prime factors of 52752722.
2, 11, 2397851
List the prime factors of 779821289.
13, 4597, 13049
What are the prime factors of 262915086?
2, 3, 7, 47, 53, 359
What are the prime factors of 1596638955?
3, 5, 23, 347, 13337
What are the prime factors of 34027021?
7, 467, 1487
What are the prime factors of 13719221?
17, 163, 4951
What are the prime factors of 23603504?
2, 1475219
What are the prime factors of 3080769832?
2, 7, 31, 1774637
What are the prime factors of 84814154?
2, 29, 1462313
List the prime factors of 34431462.
2, 3, 13, 269, 547
List the prime factors of 175933196.
2, 1051, 41849
What are the prime factors of 409337509?
7, 17, 23, 347, 431
What are the prime factors of 164760108?
2, 3, 349, 39341
What are the prime factors of 49398457?
23, 47, 45697
List the prime factors of 173908338.
2, 3, 73, 397051
What are the prime factors of 56829282?
2, 3, 79, 113, 1061
List the prime factors of 1354938540.
2, 3, 5, 59, 382751
What are the prime factors of 141383452?
2, 7, 137, 36857
List the prime factors of 126683991.
3, 7, 1367, 1471
What are the prime factors of 6315828382?
2, 23, 137300617
What are the prime factors of 636523322?
2, 53, 1579, 3803
What are the prime factors of 23066339?
29, 643, 1237
List the prime factors of 316557930.
2, 3, 5, 13, 73, 11119
What are the prime factors of 48615467?
379, 128273
List the prime factors of 73517578.
2, 36758789
What are the prime factors of 1416613138?
2, 31, 331, 69029
List the prime factors of 118533974.
2, 13, 4558999
List the prime factors of 1571323335.
3, 5, 104754889
List the prime factors of 5940470152.
2, 137, 5420137
List the prime factors of 27876345.
3, 5, 7, 17, 23, 97
List the prime factors of 51047873.
51047873
What are the prime factors of 17734752?
2, 3, 7, 19, 463
List the prime factors of 19799174.
2, 9899587
List the prime factors of 44458282.
2, 11, 2020831
List the prime factors of 112716134.
2, 37, 41, 97, 383
List the prime factors of 36174178.
2, 3323, 5443
List the prime factors of 2317422593.
613, 691, 547